93495 is divided by 4529?
3277
Calculate the remainder when 286784239 is divided by 80.
79
Calculate the remainder when 640644 is divided by 12811.
94
What is the remainder when 2064166 is divided by 36?
34
What is the remainder when 666979927 is divided by 222326639?
10
Calculate the remainder when 2799213 is divided by 343.
333
What is the remainder when 9920928 is divided by 1653485?
18
What is the remainder when 83156913 is divided by 149?
13
What is the remainder when 1776395 is divided by 346?
31
What is the remainder when 288357123 is divided by 94?
91
Calculate the remainder when 38828626 is divided by 577.
565
Calculate the remainder when 17621436 is divided by 110.
96
Calculate the remainder when 218037 is divided by 30.
27
What is the remainder when 26734 is divided by 1?
0
Calculate the remainder when 39537 is divided by 4286.
963
Calculate the remainder when 54997 is divided by 1204.
817
What is the remainder when 44863508 is divided by 3204536?
4
What is the remainder when 649760 is divided by 324835?
90
Calculate the remainder when 203104 is divided by 101195.
714
What is the remainder when 2273281 is divided by 150?
31
Calculate the remainder when 2726509 is divided by 143500.
9
Calculate the remainder when 1425859 is divided by 1017.
25
Calculate the remainder when 7240160 is divided by 1179.
1100
What is the remainder when 871042 is divided by 1865?
87
Calculate the remainder when 1632459 is divided by 14195.
34
Calculate the remainder when 574810348 is divided by 95801723.
10
Calculate the remainder when 830108 is divided by 1289.
1281
Calculate the remainder when 5013014 is divided by 1480.
254
What is the remainder when 746231 is divided by 20?
11
Calculate the remainder when 13496563 is divided by 4526.
31
Calculate the remainder when 994311 is divided by 1459.
732
Calculate the remainder when 10804309 is divided by 57.
16
What is the remainder when 19854446 is divided by 788?
786
Calculate the remainder when 4265610 is divided by 969.
72
Calculate the remainder when 58272033 is divided by 3794.
3781
Calculate the remainder when 2667737 is divided by 7733.
7585
Calculate the remainder when 68824 is divided by 1271.
190
Calculate the remainder when 1089746 is divided by 364.
294
Calculate the remainder when 2952494 is divided by 585.
584
Calculate the remainder when 144480634 is divided by 267.
259
What is the remainder when 10686118 is divided by 2671400?
518
What is the remainder when 10370 is divided by 218?
124
Calculate the remainder when 594324627 is divided by 2034.
2031
What is the remainder when 2024703 is divided by 43?
5
Calculate the remainder when 15042891 is divided by 2145.
6
What is the remainder when 87942 is divided by 155?
57
Calculate the remainder when 3986442 is divided by 86.
84
Calculate the remainder when 103906 is divided by 905.
736
Calculate the remainder when 428919 is divided by 11287.
13
Calculate the remainder when 53075 is divided by 16054.
4913
What is the remainder when 1530842 is divided by 1337?
1314
What is the remainder when 813802 is divided by 1699?
1680
What is the remainder when 14324542 is divided by 54?
16
Calculate the remainder when 84306 is divided by 780.
66
What is the remainder when 11107014 is divided by 107835?
9
Calculate the remainder when 16495 is divided by 4114.
39
Calculate the remainder when 29500 is divided by 42.
16
Calculate the remainder when 225480 is divided by 2835.
1515
What is the remainder when 4281175 is divided by 775?
75
What is the remainder when 252225 is divided by 27740?
2565
Calculate the remainder when 3148780 is divided by 474.
472
Calculate the remainder when 1611996 is divided by 14666.
13402
Calculate the remainder when 1591463 is divided by 46.
1
Calculate the remainder when 780124 is divided by 390060.
4
What is the remainder when 146147105 is divided by 42?
41
Calculate the remainder when 72444034 is divided by 84.
82
What is the remainder when 56620 is divided by 4042?
32
What is the remainder when 72992 is divided by 2144?
96
What is the remainder when 2433969 is divided by 9187?
8601
What is the remainder when 3451025 is divided by 817?
17
Calculate the remainder when 878740 is divided by 120.
100
What is the remainder when 135873 is divided by 2706?
573
What is the remainder when 24548381 is divided by 8182781?
38
Calculate the remainder when 2334948 is divided by 3284.
24
What is the remainder when 6954804 is divided by 1221?
1209
What is the remainder when 3768777 is divided by 269196?
33
Calculate the remainder when 7567842 is divided by 3783906.
30
Calculate the remainder when 13473426 is divided by 76121.
9
What is the remainder when 124571 is divided by 1122?
29
Calculate the remainder when 196113018 is divided by 681.
0
Calculate the remainder when 49337433 is divided by 12387.
12
Calculate the remainder when 35381322 is divided by 57.
54
Calculate the remainder when 488947 is divided by 97749.
202
Calculate the remainder when 724857 is divided by 120121.
4131
Calculate the remainder when 2467679 is divided by 140.
39
Calculate the remainder when 1266273 is divided by 299.
8
Calculate the remainder when 147439 is divided by 744.
127
What is the remainder when 305875 is divided by 4524?
2767
What is the remainder when 3910085 is divided by 96?
5
What is the remainder when 2621146 is divided by 4361?
185
Calculate the remainder when 28586429 is divided by 39.
14
What is the remainder when 1044401 is divided by 261100?
1
Calculate the remainder when 83470 is divided by 41710.
50
Calculate the remainder when 1845491 is divided by 41.
40
What is the remainder when 29187 is divided by 9570?
477
What is the remainder when 199159 is divided by 28450?
9
Calculate the remainder when 506906089 is divided by 50.
39
What is the remainder when 1058402 is divided by 1068?
14
Calculate the remainder when 232530 is divided by 24.
18
What is the remainder when 24217 is divided by 5810?
977
What is the remainder when 64851679 is divided by 21617226?
1
What is the remainder when 5363216 is divided by 1072641?
11
Calculate the remainder when 1332178 is divided by 2845.
718
Calculate the remainder when 444005 is divided by 886.
119
Calculate the remainder when 91028 is divided by 3618.
578
Calculate the remainder when 70599620 is divided by 447.
440
Calculate the remainder when 2275845 is divided by 139.
137
What is the remainder when 23265416 is divided by 894821?
70
What is the remainder when 512547 is divided by 64066?
19
Calculate the remainder when 24895 is divided by 92.
55
Calculate the remainder when 37734585 is divided by 1444.
1421
What is the remainder when 1000980 is divided by 19?
3
What is the remainder when 43791111 is divided by 22061?
26
What is the remainder when 16721577 is divided by 22?
15
Calculate the remainder when 165575 is divided by 54884.
923
Calculate the remainder when 621966957 is divided by 72.
69
Calculate the remainder when 20114154 is divided by 247.
203
Calculate the remainder when 561105 is divided by 1909.
1768
Calculate the remainder when 129582 is divided by 21568.
174
What is the remainder when 1312804 is divided by 436731?
2611
What is the remainder when 469571 is divided by 330?
311
What is the remainder when 272985 is divided by 2418?
2169
Calculate the remainder when 97507 is divided by 244.
151
What is the remainder when 541394 is divided by 2430?
1934
Calculate the remainder when 4372799 is divided by 374.
365
Calculate the remainder when 143539 is divided by 11041.
6
What is the remainder when 876307 is divided by 438127?
53
What is the remainder when 5574462 is divided by 23?
21
Calculate the remainder when 61550530 is divided by 89.
88
What is the remainder when 6715134 is divided by 2534?
34
What is the remainder when 28229 is divided by 1122?
179
Calculate the remainder when 78307 is divided by 21.
19
Calculate the remainder when 4933451 is divided by 112122.
83
What is the remainder when 69668192 is divided by 323?
322
What is the remainder when 12036428 is divided by 2344?
2332
What is the remainder when 1921799 is divided by 24?
23
Calculate the remainder when 351396 is divided by 10996.
10520
What is the remainder when 1317536 is divided by 24389?
530
What is the remainder when 37576288 is